{"id":539,"date":"2020-01-05T15:41:50","date_gmt":"2020-01-05T15:41:50","guid":{"rendered":"https:\/\/www.tabula.pt\/site\/?page_id=539"},"modified":"2020-09-03T10:52:38","modified_gmt":"2020-09-03T10:52:38","slug":"curve-2","status":"publish","type":"page","link":"https:\/\/www.tabula.pt\/site\/curve-2\/","title":{"rendered":"Curve Cadeira"},"content":{"rendered":"\t\t<div data-elementor-type=\"wp-page\" data-elementor-id=\"539\" class=\"elementor elementor-539\" data-elementor-post-type=\"page\">\n\t\t\t\t\t\t<section class=\"elementor-section elementor-top-section elementor-element elementor-element-a579931 elementor-section-boxed elementor-section-height-default elementor-section-height-default\" data-id=\"a579931\" data-element_type=\"section\" data-e-type=\"section\">\n\t\t\t\t\t\t<div class=\"elementor-container elementor-column-gap-default\">\n\t\t\t\t\t<div class=\"elementor-column elementor-col-50 elementor-top-column elementor-element elementor-element-6260a91\" data-id=\"6260a91\" data-element_type=\"column\" data-e-type=\"column\">\n\t\t\t<div class=\"elementor-widget-wrap elementor-element-populated\">\n\t\t\t\t\t\t<div class=\"elementor-element elementor-element-afad589 elementor-widget elementor-widget-image\" data-id=\"afad589\" data-element_type=\"widget\" data-e-type=\"widget\" data-widget_type=\"image.default\">\n\t\t\t\t<div class=\"elementor-widget-container\">\n\t\t\t\t\t\t\t\t\t\t\t\t\t\t\t<img fetchpriority=\"high\" decoding=\"async\" width=\"1024\" height=\"1024\" src=\"https:\/\/www.tabula.pt\/site\/wp-content\/uploads\/2020\/01\/cad_curve_II_quadrada-1024x1024.jpg\" class=\"attachment-large size-large wp-image-482\" alt=\"\" srcset=\"https:\/\/www.tabula.pt\/site\/wp-content\/uploads\/2020\/01\/cad_curve_II_quadrada-1024x1024.jpg 1024w, https:\/\/www.tabula.pt\/site\/wp-content\/uploads\/2020\/01\/cad_curve_II_quadrada-300x300.jpg 300w, https:\/\/www.tabula.pt\/site\/wp-content\/uploads\/2020\/01\/cad_curve_II_quadrada-100x100.jpg 100w, https:\/\/www.tabula.pt\/site\/wp-content\/uploads\/2020\/01\/cad_curve_II_quadrada-600x600.jpg 600w, https:\/\/www.tabula.pt\/site\/wp-content\/uploads\/2020\/01\/cad_curve_II_quadrada-150x150.jpg 150w, https:\/\/www.tabula.pt\/site\/wp-content\/uploads\/2020\/01\/cad_curve_II_quadrada-768x768.jpg 768w, https:\/\/www.tabula.pt\/site\/wp-content\/uploads\/2020\/01\/cad_curve_II_quadrada.jpg 2000w\" sizes=\"(max-width: 1024px) 100vw, 1024px\" \/>\t\t\t\t\t\t\t\t\t\t\t\t\t\t\t<\/div>\n\t\t\t\t<\/div>\n\t\t\t\t\t<\/div>\n\t\t<\/div>\n\t\t\t\t<div class=\"elementor-column elementor-col-50 elementor-top-column elementor-element elementor-element-8175048\" data-id=\"8175048\" data-element_type=\"column\" data-e-type=\"column\">\n\t\t\t<div class=\"elementor-widget-wrap elementor-element-populated\">\n\t\t\t\t\t\t<div class=\"elementor-element elementor-element-4cc8a20 elementor-widget elementor-widget-text-editor\" data-id=\"4cc8a20\" data-element_type=\"widget\" data-e-type=\"widget\" data-widget_type=\"text-editor.default\">\n\t\t\t\t<div class=\"elementor-widget-container\">\n\t\t\t\t\t\t\t\t\t<p>Chair in wood (beech) and upholstery.<\/p>\n<p><b>Upholstery:<\/b> Elastron \/ Required footage: 0.80 mt<\/p>\n<p>* Other fabrics available &#8211; under request<\/p>\t\t\t\t\t\t\t\t<\/div>\n\t\t\t\t<\/div>\n\t\t\t\t<div class=\"elementor-element elementor-element-9c5446f elementor-widget elementor-widget-image\" data-id=\"9c5446f\" data-element_type=\"widget\" data-e-type=\"widget\" data-widget_type=\"image.default\">\n\t\t\t\t<div class=\"elementor-widget-container\">\n\t\t\t\t\t\t\t\t\t\t\t\t\t\t\t<img decoding=\"async\" width=\"300\" height=\"295\" src=\"https:\/\/www.tabula.pt\/site\/wp-content\/uploads\/2020\/01\/Curve-medidas-300x295.jpg\" class=\"attachment-medium size-medium wp-image-504\" alt=\"\" srcset=\"https:\/\/www.tabula.pt\/site\/wp-content\/uploads\/2020\/01\/Curve-medidas-300x295.jpg 300w, https:\/\/www.tabula.pt\/site\/wp-content\/uploads\/2020\/01\/Curve-medidas-600x589.jpg 600w, https:\/\/www.tabula.pt\/site\/wp-content\/uploads\/2020\/01\/Curve-medidas-768x754.jpg 768w, https:\/\/www.tabula.pt\/site\/wp-content\/uploads\/2020\/01\/Curve-medidas-1024x1006.jpg 1024w\" sizes=\"(max-width: 300px) 100vw, 300px\" \/>\t\t\t\t\t\t\t\t\t\t\t\t\t\t\t<\/div>\n\t\t\t\t<\/div>\n\t\t\t\t\t<\/div>\n\t\t<\/div>\n\t\t\t\t\t<\/div>\n\t\t<\/section>\n\t\t\t\t<\/div>\n\t\t","protected":false},"excerpt":{"rendered":"<p>Chair in wood (beech) and upholstery. Upholstery: Elastron \/ Required footage: 0.80 mt * Other fabrics available &#8211; under request<\/p>\n","protected":false},"author":1,"featured_media":0,"parent":0,"menu_order":0,"comment_status":"closed","ping_status":"closed","template":"","meta":{"_monsterinsights_skip_tracking":false,"_monsterinsights_sitenote_active":false,"_monsterinsights_sitenote_note":"","_monsterinsights_sitenote_category":0,"footnotes":""},"class_list":["post-539","page","type-page","status-publish"],"yoast_head":"<!-- This site is optimized with the Yoast SEO plugin v27.1.1 - https:\/\/yoast.com\/product\/yoast-seo-wordpress\/ -->\n<title>Curve Cadeira - T\u00e1bula furniture<\/title>\n<meta name=\"robots\" content=\"index, follow, max-snippet:-1, max-image-preview:large, max-video-preview:-1\" \/>\n<link rel=\"canonical\" href=\"https:\/\/www.tabula.pt\/site\/curve-2\/\" \/>\n<meta property=\"og:locale\" content=\"pt_PT\" \/>\n<meta property=\"og:type\" content=\"article\" \/>\n<meta property=\"og:title\" content=\"Curve Cadeira - T\u00e1bula furniture\" \/>\n<meta property=\"og:description\" content=\"Chair in wood (beech) and upholstery. Upholstery: Elastron \/ Required footage: 0.80 mt * Other fabrics available &#8211; under request\" \/>\n<meta property=\"og:url\" content=\"https:\/\/www.tabula.pt\/site\/curve-2\/\" \/>\n<meta property=\"og:site_name\" content=\"T\u00e1bula furniture\" \/>\n<meta property=\"article:publisher\" content=\"https:\/\/www.facebook.com\/tabula.pt\/\" \/>\n<meta property=\"article:modified_time\" content=\"2020-09-03T10:52:38+00:00\" \/>\n<meta property=\"og:image\" content=\"https:\/\/www.tabula.pt\/site\/wp-content\/uploads\/2020\/01\/cad_curve_II_quadrada-1024x1024.jpg\" \/>\n<meta name=\"twitter:card\" content=\"summary_large_image\" \/>\n<script type=\"application\/ld+json\" class=\"yoast-schema-graph\">{\"@context\":\"https:\/\/schema.org\",\"@graph\":[{\"@type\":\"WebPage\",\"@id\":\"https:\/\/www.tabula.pt\/site\/curve-2\/\",\"url\":\"https:\/\/www.tabula.pt\/site\/curve-2\/\",\"name\":\"Curve Cadeira - T\u00e1bula furniture\",\"isPartOf\":{\"@id\":\"https:\/\/www.tabula.pt\/site\/#website\"},\"primaryImageOfPage\":{\"@id\":\"https:\/\/www.tabula.pt\/site\/curve-2\/#primaryimage\"},\"image\":{\"@id\":\"https:\/\/www.tabula.pt\/site\/curve-2\/#primaryimage\"},\"thumbnailUrl\":\"https:\/\/www.tabula.pt\/site\/wp-content\/uploads\/2020\/01\/cad_curve_II_quadrada-1024x1024.jpg\",\"datePublished\":\"2020-01-05T15:41:50+00:00\",\"dateModified\":\"2020-09-03T10:52:38+00:00\",\"breadcrumb\":{\"@id\":\"https:\/\/www.tabula.pt\/site\/curve-2\/#breadcrumb\"},\"inLanguage\":\"pt-PT\",\"potentialAction\":[{\"@type\":\"ReadAction\",\"target\":[\"https:\/\/www.tabula.pt\/site\/curve-2\/\"]}]},{\"@type\":\"ImageObject\",\"inLanguage\":\"pt-PT\",\"@id\":\"https:\/\/www.tabula.pt\/site\/curve-2\/#primaryimage\",\"url\":\"https:\/\/www.tabula.pt\/site\/wp-content\/uploads\/2020\/01\/cad_curve_II_quadrada.jpg\",\"contentUrl\":\"https:\/\/www.tabula.pt\/site\/wp-content\/uploads\/2020\/01\/cad_curve_II_quadrada.jpg\",\"width\":2000,\"height\":2000},{\"@type\":\"BreadcrumbList\",\"@id\":\"https:\/\/www.tabula.pt\/site\/curve-2\/#breadcrumb\",\"itemListElement\":[{\"@type\":\"ListItem\",\"position\":1,\"name\":\"In\u00edcio\",\"item\":\"https:\/\/www.tabula.pt\/site\/\"},{\"@type\":\"ListItem\",\"position\":2,\"name\":\"Curve Cadeira\"}]},{\"@type\":\"WebSite\",\"@id\":\"https:\/\/www.tabula.pt\/site\/#website\",\"url\":\"https:\/\/www.tabula.pt\/site\/\",\"name\":\"T\u00e1bula furniture\",\"description\":\"Mobili\u00e1rio e projetos \u00e0 medida\",\"publisher\":{\"@id\":\"https:\/\/www.tabula.pt\/site\/#organization\"},\"potentialAction\":[{\"@type\":\"SearchAction\",\"target\":{\"@type\":\"EntryPoint\",\"urlTemplate\":\"https:\/\/www.tabula.pt\/site\/?s={search_term_string}\"},\"query-input\":{\"@type\":\"PropertyValueSpecification\",\"valueRequired\":true,\"valueName\":\"search_term_string\"}}],\"inLanguage\":\"pt-PT\"},{\"@type\":\"Organization\",\"@id\":\"https:\/\/www.tabula.pt\/site\/#organization\",\"name\":\"T\u00e1bula\",\"url\":\"https:\/\/www.tabula.pt\/site\/\",\"logo\":{\"@type\":\"ImageObject\",\"inLanguage\":\"pt-PT\",\"@id\":\"https:\/\/www.tabula.pt\/site\/#\/schema\/logo\/image\/\",\"url\":\"https:\/\/www.tabula.pt\/site\/wp-content\/uploads\/2019\/12\/t\u00e1bula-logo_peq_fb-e1576075812445.png\",\"contentUrl\":\"https:\/\/www.tabula.pt\/site\/wp-content\/uploads\/2019\/12\/t\u00e1bula-logo_peq_fb-e1576075812445.png\",\"width\":100,\"height\":73,\"caption\":\"T\u00e1bula\"},\"image\":{\"@id\":\"https:\/\/www.tabula.pt\/site\/#\/schema\/logo\/image\/\"},\"sameAs\":[\"https:\/\/www.facebook.com\/tabula.pt\/\",\"https:\/\/www.instagram.com\/tabula_furniture\/\"]}]}<\/script>\n<!-- \/ Yoast SEO plugin. -->","yoast_head_json":{"title":"Curve Cadeira - T\u00e1bula furniture","robots":{"index":"index","follow":"follow","max-snippet":"max-snippet:-1","max-image-preview":"max-image-preview:large","max-video-preview":"max-video-preview:-1"},"canonical":"https:\/\/www.tabula.pt\/site\/curve-2\/","og_locale":"pt_PT","og_type":"article","og_title":"Curve Cadeira - T\u00e1bula furniture","og_description":"Chair in wood (beech) and upholstery. Upholstery: Elastron \/ Required footage: 0.80 mt * Other fabrics available &#8211; under request","og_url":"https:\/\/www.tabula.pt\/site\/curve-2\/","og_site_name":"T\u00e1bula furniture","article_publisher":"https:\/\/www.facebook.com\/tabula.pt\/","article_modified_time":"2020-09-03T10:52:38+00:00","og_image":[{"url":"https:\/\/www.tabula.pt\/site\/wp-content\/uploads\/2020\/01\/cad_curve_II_quadrada-1024x1024.jpg","type":"","width":"","height":""}],"twitter_card":"summary_large_image","schema":{"@context":"https:\/\/schema.org","@graph":[{"@type":"WebPage","@id":"https:\/\/www.tabula.pt\/site\/curve-2\/","url":"https:\/\/www.tabula.pt\/site\/curve-2\/","name":"Curve Cadeira - T\u00e1bula furniture","isPartOf":{"@id":"https:\/\/www.tabula.pt\/site\/#website"},"primaryImageOfPage":{"@id":"https:\/\/www.tabula.pt\/site\/curve-2\/#primaryimage"},"image":{"@id":"https:\/\/www.tabula.pt\/site\/curve-2\/#primaryimage"},"thumbnailUrl":"https:\/\/www.tabula.pt\/site\/wp-content\/uploads\/2020\/01\/cad_curve_II_quadrada-1024x1024.jpg","datePublished":"2020-01-05T15:41:50+00:00","dateModified":"2020-09-03T10:52:38+00:00","breadcrumb":{"@id":"https:\/\/www.tabula.pt\/site\/curve-2\/#breadcrumb"},"inLanguage":"pt-PT","potentialAction":[{"@type":"ReadAction","target":["https:\/\/www.tabula.pt\/site\/curve-2\/"]}]},{"@type":"ImageObject","inLanguage":"pt-PT","@id":"https:\/\/www.tabula.pt\/site\/curve-2\/#primaryimage","url":"https:\/\/www.tabula.pt\/site\/wp-content\/uploads\/2020\/01\/cad_curve_II_quadrada.jpg","contentUrl":"https:\/\/www.tabula.pt\/site\/wp-content\/uploads\/2020\/01\/cad_curve_II_quadrada.jpg","width":2000,"height":2000},{"@type":"BreadcrumbList","@id":"https:\/\/www.tabula.pt\/site\/curve-2\/#breadcrumb","itemListElement":[{"@type":"ListItem","position":1,"name":"In\u00edcio","item":"https:\/\/www.tabula.pt\/site\/"},{"@type":"ListItem","position":2,"name":"Curve Cadeira"}]},{"@type":"WebSite","@id":"https:\/\/www.tabula.pt\/site\/#website","url":"https:\/\/www.tabula.pt\/site\/","name":"T\u00e1bula furniture","description":"Mobili\u00e1rio e projetos \u00e0 medida","publisher":{"@id":"https:\/\/www.tabula.pt\/site\/#organization"},"potentialAction":[{"@type":"SearchAction","target":{"@type":"EntryPoint","urlTemplate":"https:\/\/www.tabula.pt\/site\/?s={search_term_string}"},"query-input":{"@type":"PropertyValueSpecification","valueRequired":true,"valueName":"search_term_string"}}],"inLanguage":"pt-PT"},{"@type":"Organization","@id":"https:\/\/www.tabula.pt\/site\/#organization","name":"T\u00e1bula","url":"https:\/\/www.tabula.pt\/site\/","logo":{"@type":"ImageObject","inLanguage":"pt-PT","@id":"https:\/\/www.tabula.pt\/site\/#\/schema\/logo\/image\/","url":"https:\/\/www.tabula.pt\/site\/wp-content\/uploads\/2019\/12\/t\u00e1bula-logo_peq_fb-e1576075812445.png","contentUrl":"https:\/\/www.tabula.pt\/site\/wp-content\/uploads\/2019\/12\/t\u00e1bula-logo_peq_fb-e1576075812445.png","width":100,"height":73,"caption":"T\u00e1bula"},"image":{"@id":"https:\/\/www.tabula.pt\/site\/#\/schema\/logo\/image\/"},"sameAs":["https:\/\/www.facebook.com\/tabula.pt\/","https:\/\/www.instagram.com\/tabula_furniture\/"]}]}},"_links":{"self":[{"href":"https:\/\/www.tabula.pt\/site\/wp-json\/wp\/v2\/pages\/539","targetHints":{"allow":["GET"]}}],"collection":[{"href":"https:\/\/www.tabula.pt\/site\/wp-json\/wp\/v2\/pages"}],"about":[{"href":"https:\/\/www.tabula.pt\/site\/wp-json\/wp\/v2\/types\/page"}],"author":[{"embeddable":true,"href":"https:\/\/www.tabula.pt\/site\/wp-json\/wp\/v2\/users\/1"}],"replies":[{"embeddable":true,"href":"https:\/\/www.tabula.pt\/site\/wp-json\/wp\/v2\/comments?post=539"}],"version-history":[{"count":4,"href":"https:\/\/www.tabula.pt\/site\/wp-json\/wp\/v2\/pages\/539\/revisions"}],"predecessor-version":[{"id":1488,"href":"https:\/\/www.tabula.pt\/site\/wp-json\/wp\/v2\/pages\/539\/revisions\/1488"}],"wp:attachment":[{"href":"https:\/\/www.tabula.pt\/site\/wp-json\/wp\/v2\/media?parent=539"}],"curies":[{"name":"wp","href":"https:\/\/api.w.org\/{rel}","templated":true}]}}

<!-- This site is optimized with the Yoast SEO plugin v27.1.1 - https://yoast.com/product/yoast-seo-wordpress/ -->
<title>Curve Cadeira - Tábula furniture</title>
<meta name="robots" content="index, follow, max-snippet:-1, max-image-preview:large, max-video-preview:-1" />
<link rel="canonical" href="https://www.tabula.pt/site/curve-2/" />
<meta property="og:locale" content="pt_PT" />
<meta property="og:type" content="article" />
<meta property="og:title" content="Curve Cadeira - Tábula furniture" />
<meta property="og:description" content="Chair in wood (beech) and upholstery. Upholstery: Elastron / Required footage: 0.80 mt * Other fabrics available &#8211; under request" />
<meta property="og:url" content="https://www.tabula.pt/site/curve-2/" />
<meta property="og:site_name" content="Tábula furniture" />
<meta property="article:publisher" content="https://www.facebook.com/tabula.pt/" />
<meta property="article:modified_time" content="2020-09-03T10:52:38+00:00" />
<meta property="og:image" content="https://www.tabula.pt/site/wp-content/uploads/2020/01/cad_curve_II_quadrada-1024x1024.jpg" />
<meta name="twitter:card" content="summary_large_image" />
<script type="application/ld+json" class="yoast-schema-graph">{"@context":"https://schema.org","@graph":[{"@type":"WebPage","@id":"https://www.tabula.pt/site/curve-2/","url":"https://www.tabula.pt/site/curve-2/","name":"Curve Cadeira - Tábula furniture","isPartOf":{"@id":"https://www.tabula.pt/site/#website"},"primaryImageOfPage":{"@id":"https://www.tabula.pt/site/curve-2/#primaryimage"},"image":{"@id":"https://www.tabula.pt/site/curve-2/#primaryimage"},"thumbnailUrl":"https://www.tabula.pt/site/wp-content/uploads/2020/01/cad_curve_II_quadrada-1024x1024.jpg","datePublished":"2020-01-05T15:41:50+00:00","dateModified":"2020-09-03T10:52:38+00:00","breadcrumb":{"@id":"https://www.tabula.pt/site/curve-2/#breadcrumb"},"inLanguage":"pt-PT","potentialAction":[{"@type":"ReadAction","target":["https://www.tabula.pt/site/curve-2/"]}]},{"@type":"ImageObject","inLanguage":"pt-PT","@id":"https://www.tabula.pt/site/curve-2/#primaryimage","url":"https://www.tabula.pt/site/wp-content/uploads/2020/01/cad_curve_II_quadrada.jpg","contentUrl":"https://www.tabula.pt/site/wp-content/uploads/2020/01/cad_curve_II_quadrada.jpg","width":2000,"height":2000},{"@type":"BreadcrumbList","@id":"https://www.tabula.pt/site/curve-2/#breadcrumb","itemListElement":[{"@type":"ListItem","position":1,"name":"Início","item":"https://www.tabula.pt/site/"},{"@type":"ListItem","position":2,"name":"Curve Cadeira"}]},{"@type":"WebSite","@id":"https://www.tabula.pt/site/#website","url":"https://www.tabula.pt/site/","name":"Tábula furniture","description":"Mobiliário e projetos à medida","publisher":{"@id":"https://www.tabula.pt/site/#organization"},"potentialAction":[{"@type":"SearchAction","target":{"@type":"EntryPoint","urlTemplate":"https://www.tabula.pt/site/?s={search_term_string}"},"query-input":{"@type":"PropertyValueSpecification","valueRequired":true,"valueName":"search_term_string"}}],"inLanguage":"pt-PT"},{"@type":"Organization","@id":"https://www.tabula.pt/site/#organization","name":"Tábula","url":"https://www.tabula.pt/site/","logo":{"@type":"ImageObject","inLanguage":"pt-PT","@id":"https://www.tabula.pt/site/#/schema/logo/image/","url":"https://www.tabula.pt/site/wp-content/uploads/2019/12/tábula-logo_peq_fb-e1576075812445.png","contentUrl":"https://www.tabula.pt/site/wp-content/uploads/2019/12/tábula-logo_peq_fb-e1576075812445.png","width":100,"height":73,"caption":"Tábula"},"image":{"@id":"https://www.tabula.pt/site/#/schema/logo/image/"},"sameAs":["https://www.facebook.com/tabula.pt/","https://www.instagram.com/tabula_furniture/"]}]}</script>
<!-- / Yoast SEO plugin. -->

Curve Cadeira - Tábula furniture

Tábula furniture

Início

Mobiliário e projetos à medida

Tábula

https://www.tabula.pt/site/wp-content/uploads/2019/12/tábula-logo_peq_fb-e1576075812445.png
