{"id":2733,"date":"2023-08-26T00:07:17","date_gmt":"2023-08-26T00:07:17","guid":{"rendered":"https:\/\/www.tabula.pt\/site\/?post_type=product&#038;p=2733"},"modified":"2024-02-26T19:01:49","modified_gmt":"2024-02-26T19:01:49","slug":"mesa-bowie","status":"publish","type":"product","link":"https:\/\/www.tabula.pt\/site\/produto\/mesa-bowie\/","title":{"rendered":"Mesa Bowie"},"content":{"rendered":"<p>Mesa extens\u00edvel com p\u00e9s em madeira e tampo em madeira e\/ou cer\u00e2mica.<\/p>\n<p>Acabamentos poss\u00edveis madeira:<\/p>\n<p>Carvalho, Carvalho r\u00fastico, Nogueira, Lacado mate.<\/p>\n<p>* Outros acabamentos poss\u00edveis \u2013 sob consulta<\/p>\n<p>** Possibilidade de tampo em cer\u00e2mica<\/p>\n<p>Medidas:<\/p>\n<ul>\n<li>1200 (+500) x 900<\/li>\n<li>1400 (+600) x 900<\/li>\n<li>1600 (+800) x 900<\/li>\n<li>1600 (+ 2x 400) x 900<\/li>\n<li>1800 (+800) x 990<\/li>\n<li>1800 (+ 2x 450) x 990<\/li>\n<li>2000 (+800) x 990<\/li>\n<li>2000 (+ 2x 450) x 990<\/li>\n<\/ul>\n<p>* Outras medidas poss\u00edveis \u2013 sob consulta<\/p>\n","protected":false},"excerpt":{"rendered":"<p>Mesa extens\u00edvel com p\u00e9s em madeira e tampo em madeira e\/ou cer\u00e2mica.<\/p>\n","protected":false},"featured_media":3126,"comment_status":"open","ping_status":"closed","template":"","meta":{"_monsterinsights_skip_tracking":false,"_monsterinsights_sitenote_active":false,"_monsterinsights_sitenote_note":"","_monsterinsights_sitenote_category":0},"product_brand":[],"product_cat":[101,94],"product_tag":[],"class_list":{"0":"post-2733","1":"product","2":"type-product","3":"status-publish","4":"has-post-thumbnail","6":"product_cat-legacy","7":"product_cat-mesas","9":"first","10":"instock","11":"shipping-taxable","12":"product-type-simple"},"yoast_head":"<!-- This site is optimized with the Yoast SEO plugin v27.1.1 - https:\/\/yoast.com\/product\/yoast-seo-wordpress\/ -->\n<title>Mesa Bowie - T\u00e1bula furniture<\/title>\n<meta name=\"robots\" content=\"index, follow, max-snippet:-1, max-image-preview:large, max-video-preview:-1\" \/>\n<link rel=\"canonical\" href=\"https:\/\/www.tabula.pt\/site\/produto\/mesa-bowie\/\" \/>\n<meta property=\"og:locale\" content=\"pt_PT\" \/>\n<meta property=\"og:type\" content=\"article\" \/>\n<meta property=\"og:title\" content=\"Mesa Bowie - T\u00e1bula furniture\" \/>\n<meta property=\"og:description\" content=\"Mesa extens\u00edvel com p\u00e9s em madeira e tampo em madeira e\/ou cer\u00e2mica.\" \/>\n<meta property=\"og:url\" content=\"https:\/\/www.tabula.pt\/site\/produto\/mesa-bowie\/\" \/>\n<meta property=\"og:site_name\" content=\"T\u00e1bula furniture\" \/>\n<meta property=\"article:publisher\" content=\"https:\/\/www.facebook.com\/tabula.pt\/\" \/>\n<meta property=\"article:modified_time\" content=\"2024-02-26T19:01:49+00:00\" \/>\n<meta property=\"og:image\" content=\"https:\/\/www.tabula.pt\/site\/wp-content\/uploads\/2023\/08\/Mesa-Bowie.png\" \/>\n\t<meta property=\"og:image:width\" content=\"800\" \/>\n\t<meta property=\"og:image:height\" content=\"800\" \/>\n\t<meta property=\"og:image:type\" content=\"image\/png\" \/>\n<meta name=\"twitter:card\" content=\"summary_large_image\" \/>\n<meta name=\"twitter:label1\" content=\"Tempo estimado de leitura\" \/>\n\t<meta name=\"twitter:data1\" content=\"1 minuto\" \/>\n<script type=\"application\/ld+json\" class=\"yoast-schema-graph\">{\"@context\":\"https:\/\/schema.org\",\"@graph\":[{\"@type\":\"WebPage\",\"@id\":\"https:\/\/www.tabula.pt\/site\/produto\/mesa-bowie\/\",\"url\":\"https:\/\/www.tabula.pt\/site\/produto\/mesa-bowie\/\",\"name\":\"Mesa Bowie - T\u00e1bula furniture\",\"isPartOf\":{\"@id\":\"https:\/\/www.tabula.pt\/site\/#website\"},\"primaryImageOfPage\":{\"@id\":\"https:\/\/www.tabula.pt\/site\/produto\/mesa-bowie\/#primaryimage\"},\"image\":{\"@id\":\"https:\/\/www.tabula.pt\/site\/produto\/mesa-bowie\/#primaryimage\"},\"thumbnailUrl\":\"https:\/\/www.tabula.pt\/site\/wp-content\/uploads\/2023\/08\/Mesa-Bowie.png\",\"datePublished\":\"2023-08-26T00:07:17+00:00\",\"dateModified\":\"2024-02-26T19:01:49+00:00\",\"breadcrumb\":{\"@id\":\"https:\/\/www.tabula.pt\/site\/produto\/mesa-bowie\/#breadcrumb\"},\"inLanguage\":\"pt-PT\",\"potentialAction\":[{\"@type\":\"ReadAction\",\"target\":[\"https:\/\/www.tabula.pt\/site\/produto\/mesa-bowie\/\"]}]},{\"@type\":\"ImageObject\",\"inLanguage\":\"pt-PT\",\"@id\":\"https:\/\/www.tabula.pt\/site\/produto\/mesa-bowie\/#primaryimage\",\"url\":\"https:\/\/www.tabula.pt\/site\/wp-content\/uploads\/2023\/08\/Mesa-Bowie.png\",\"contentUrl\":\"https:\/\/www.tabula.pt\/site\/wp-content\/uploads\/2023\/08\/Mesa-Bowie.png\",\"width\":800,\"height\":800},{\"@type\":\"BreadcrumbList\",\"@id\":\"https:\/\/www.tabula.pt\/site\/produto\/mesa-bowie\/#breadcrumb\",\"itemListElement\":[{\"@type\":\"ListItem\",\"position\":1,\"name\":\"In\u00edcio\",\"item\":\"https:\/\/www.tabula.pt\/site\/\"},{\"@type\":\"ListItem\",\"position\":2,\"name\":\"Loja\",\"item\":\"https:\/\/www.tabula.pt\/site\/loja\/\"},{\"@type\":\"ListItem\",\"position\":3,\"name\":\"Mesa Bowie\"}]},{\"@type\":\"WebSite\",\"@id\":\"https:\/\/www.tabula.pt\/site\/#website\",\"url\":\"https:\/\/www.tabula.pt\/site\/\",\"name\":\"T\u00e1bula furniture\",\"description\":\"Mobili\u00e1rio e projetos \u00e0 medida\",\"publisher\":{\"@id\":\"https:\/\/www.tabula.pt\/site\/#organization\"},\"potentialAction\":[{\"@type\":\"SearchAction\",\"target\":{\"@type\":\"EntryPoint\",\"urlTemplate\":\"https:\/\/www.tabula.pt\/site\/?s={search_term_string}\"},\"query-input\":{\"@type\":\"PropertyValueSpecification\",\"valueRequired\":true,\"valueName\":\"search_term_string\"}}],\"inLanguage\":\"pt-PT\"},{\"@type\":\"Organization\",\"@id\":\"https:\/\/www.tabula.pt\/site\/#organization\",\"name\":\"T\u00e1bula\",\"url\":\"https:\/\/www.tabula.pt\/site\/\",\"logo\":{\"@type\":\"ImageObject\",\"inLanguage\":\"pt-PT\",\"@id\":\"https:\/\/www.tabula.pt\/site\/#\/schema\/logo\/image\/\",\"url\":\"https:\/\/www.tabula.pt\/site\/wp-content\/uploads\/2019\/12\/t\u00e1bula-logo_peq_fb-e1576075812445.png\",\"contentUrl\":\"https:\/\/www.tabula.pt\/site\/wp-content\/uploads\/2019\/12\/t\u00e1bula-logo_peq_fb-e1576075812445.png\",\"width\":100,\"height\":73,\"caption\":\"T\u00e1bula\"},\"image\":{\"@id\":\"https:\/\/www.tabula.pt\/site\/#\/schema\/logo\/image\/\"},\"sameAs\":[\"https:\/\/www.facebook.com\/tabula.pt\/\",\"https:\/\/www.instagram.com\/tabula_furniture\/\"]}]}<\/script>\n<!-- \/ Yoast SEO plugin. -->","yoast_head_json":{"title":"Mesa Bowie - T\u00e1bula furniture","robots":{"index":"index","follow":"follow","max-snippet":"max-snippet:-1","max-image-preview":"max-image-preview:large","max-video-preview":"max-video-preview:-1"},"canonical":"https:\/\/www.tabula.pt\/site\/produto\/mesa-bowie\/","og_locale":"pt_PT","og_type":"article","og_title":"Mesa Bowie - T\u00e1bula furniture","og_description":"Mesa extens\u00edvel com p\u00e9s em madeira e tampo em madeira e\/ou cer\u00e2mica.","og_url":"https:\/\/www.tabula.pt\/site\/produto\/mesa-bowie\/","og_site_name":"T\u00e1bula furniture","article_publisher":"https:\/\/www.facebook.com\/tabula.pt\/","article_modified_time":"2024-02-26T19:01:49+00:00","og_image":[{"width":800,"height":800,"url":"https:\/\/www.tabula.pt\/site\/wp-content\/uploads\/2023\/08\/Mesa-Bowie.png","type":"image\/png"}],"twitter_card":"summary_large_image","twitter_misc":{"Tempo estimado de leitura":"1 minuto"},"schema":{"@context":"https:\/\/schema.org","@graph":[{"@type":"WebPage","@id":"https:\/\/www.tabula.pt\/site\/produto\/mesa-bowie\/","url":"https:\/\/www.tabula.pt\/site\/produto\/mesa-bowie\/","name":"Mesa Bowie - T\u00e1bula furniture","isPartOf":{"@id":"https:\/\/www.tabula.pt\/site\/#website"},"primaryImageOfPage":{"@id":"https:\/\/www.tabula.pt\/site\/produto\/mesa-bowie\/#primaryimage"},"image":{"@id":"https:\/\/www.tabula.pt\/site\/produto\/mesa-bowie\/#primaryimage"},"thumbnailUrl":"https:\/\/www.tabula.pt\/site\/wp-content\/uploads\/2023\/08\/Mesa-Bowie.png","datePublished":"2023-08-26T00:07:17+00:00","dateModified":"2024-02-26T19:01:49+00:00","breadcrumb":{"@id":"https:\/\/www.tabula.pt\/site\/produto\/mesa-bowie\/#breadcrumb"},"inLanguage":"pt-PT","potentialAction":[{"@type":"ReadAction","target":["https:\/\/www.tabula.pt\/site\/produto\/mesa-bowie\/"]}]},{"@type":"ImageObject","inLanguage":"pt-PT","@id":"https:\/\/www.tabula.pt\/site\/produto\/mesa-bowie\/#primaryimage","url":"https:\/\/www.tabula.pt\/site\/wp-content\/uploads\/2023\/08\/Mesa-Bowie.png","contentUrl":"https:\/\/www.tabula.pt\/site\/wp-content\/uploads\/2023\/08\/Mesa-Bowie.png","width":800,"height":800},{"@type":"BreadcrumbList","@id":"https:\/\/www.tabula.pt\/site\/produto\/mesa-bowie\/#breadcrumb","itemListElement":[{"@type":"ListItem","position":1,"name":"In\u00edcio","item":"https:\/\/www.tabula.pt\/site\/"},{"@type":"ListItem","position":2,"name":"Loja","item":"https:\/\/www.tabula.pt\/site\/loja\/"},{"@type":"ListItem","position":3,"name":"Mesa Bowie"}]},{"@type":"WebSite","@id":"https:\/\/www.tabula.pt\/site\/#website","url":"https:\/\/www.tabula.pt\/site\/","name":"T\u00e1bula furniture","description":"Mobili\u00e1rio e projetos \u00e0 medida","publisher":{"@id":"https:\/\/www.tabula.pt\/site\/#organization"},"potentialAction":[{"@type":"SearchAction","target":{"@type":"EntryPoint","urlTemplate":"https:\/\/www.tabula.pt\/site\/?s={search_term_string}"},"query-input":{"@type":"PropertyValueSpecification","valueRequired":true,"valueName":"search_term_string"}}],"inLanguage":"pt-PT"},{"@type":"Organization","@id":"https:\/\/www.tabula.pt\/site\/#organization","name":"T\u00e1bula","url":"https:\/\/www.tabula.pt\/site\/","logo":{"@type":"ImageObject","inLanguage":"pt-PT","@id":"https:\/\/www.tabula.pt\/site\/#\/schema\/logo\/image\/","url":"https:\/\/www.tabula.pt\/site\/wp-content\/uploads\/2019\/12\/t\u00e1bula-logo_peq_fb-e1576075812445.png","contentUrl":"https:\/\/www.tabula.pt\/site\/wp-content\/uploads\/2019\/12\/t\u00e1bula-logo_peq_fb-e1576075812445.png","width":100,"height":73,"caption":"T\u00e1bula"},"image":{"@id":"https:\/\/www.tabula.pt\/site\/#\/schema\/logo\/image\/"},"sameAs":["https:\/\/www.facebook.com\/tabula.pt\/","https:\/\/www.instagram.com\/tabula_furniture\/"]}]}},"_links":{"self":[{"href":"https:\/\/www.tabula.pt\/site\/wp-json\/wp\/v2\/product\/2733","targetHints":{"allow":["GET"]}}],"collection":[{"href":"https:\/\/www.tabula.pt\/site\/wp-json\/wp\/v2\/product"}],"about":[{"href":"https:\/\/www.tabula.pt\/site\/wp-json\/wp\/v2\/types\/product"}],"replies":[{"embeddable":true,"href":"https:\/\/www.tabula.pt\/site\/wp-json\/wp\/v2\/comments?post=2733"}],"wp:featuredmedia":[{"embeddable":true,"href":"https:\/\/www.tabula.pt\/site\/wp-json\/wp\/v2\/media\/3126"}],"wp:attachment":[{"href":"https:\/\/www.tabula.pt\/site\/wp-json\/wp\/v2\/media?parent=2733"}],"wp:term":[{"taxonomy":"product_brand","embeddable":true,"href":"https:\/\/www.tabula.pt\/site\/wp-json\/wp\/v2\/product_brand?post=2733"},{"taxonomy":"product_cat","embeddable":true,"href":"https:\/\/www.tabula.pt\/site\/wp-json\/wp\/v2\/product_cat?post=2733"},{"taxonomy":"product_tag","embeddable":true,"href":"https:\/\/www.tabula.pt\/site\/wp-json\/wp\/v2\/product_tag?post=2733"}],"curies":[{"name":"wp","href":"https:\/\/api.w.org\/{rel}","templated":true}]}}